80839 and 46?
23
What is the greatest common factor of 10403 and 545602?
101
What is the greatest common factor of 118601182 and 10254?
3418
Calculate the greatest common divisor of 4864 and 1587619328.
4864
What is the greatest common factor of 2062152 and 10116?
36
What is the highest common divisor of 49701656 and 888?
296
Calculate the greatest common factor of 32 and 824884384.
32
Calculate the highest common factor of 15144840 and 96.
24
What is the highest common divisor of 112710 and 210902?
34
What is the highest common factor of 10 and 9924595?
5
Calculate the greatest common divisor of 75 and 6735720.
15
What is the greatest common factor of 42336 and 1659744?
864
What is the highest common factor of 33528 and 26065226?
2794
What is the greatest common divisor of 2131 and 1679?
1
What is the highest common factor of 393385 and 17313?
29
What is the greatest common divisor of 278206 and 11752?
226
Calculate the highest common factor of 966943340 and 935.
935
What is the greatest common factor of 12247832 and 72?
8
Calculate the greatest common divisor of 1234912 and 3392.
32
What is the greatest common factor of 13148716 and 1218?
406
Calculate the greatest common factor of 869354 and 13754.
46
Calculate the greatest common divisor of 190866 and 2392.
26
Calculate the greatest common factor of 4808 and 38943598.
1202
What is the greatest common divisor of 23576881 and 111?
37
What is the highest common factor of 95 and 2189427?
19
What is the highest common divisor of 36 and 129264596?
4
What is the greatest common factor of 33428 and 84668?
244
Calculate the greatest common factor of 4282548 and 118236.
2004
What is the highest common divisor of 111 and 7088867?
37
Calculate the highest common factor of 743370 and 18105.
1065
Calculate the greatest common factor of 49977 and 5338284.
1851
Calculate the greatest common factor of 496548 and 107874.
234
What is the highest common divisor of 6840991 and 41595?
2773
What is the greatest common factor of 1345681 and 291?
97
What is the highest common divisor of 11221460 and 7340?
20
What is the greatest common divisor of 164 and 326434251?
41
What is the highest common factor of 47 and 198843887?
47
Calculate the highest common divisor of 33285 and 42619065.
4755
What is the highest common divisor of 391230 and 90135?
45
Calculate the highest common divisor of 52065 and 25783745.
5785
Calculate the greatest common factor of 140954 and 3125154.
86
Calculate the highest common divisor of 58 and 146633338.
58
Calculate the greatest common factor of 2336 and 46119283.
73
What is the highest common divisor of 2262773372 and 1972?
1972
Calculate the highest common factor of 177 and 16260341.
59
What is the greatest common divisor of 321992 and 176968?
88
What is the highest common factor of 811278 and 110916?
234
Calculate the highest common factor of 163210 and 147756590.
8590
What is the greatest common divisor of 51500 and 156148?
412
What is the greatest common divisor of 115590 and 5514?
6
What is the highest common divisor of 5200 and 2288624?
208
What is the greatest common factor of 151398048 and 720?
48
What is the highest common divisor of 1207 and 43829791?
1207
What is the highest common factor of 2916074345 and 3995?
3995
Calculate the highest common factor of 874801 and 54.
1
What is the highest common factor of 6297 and 6924601?
2099
Calculate the highest common divisor of 94 and 31091816.
94
Calculate the greatest common factor of 2472 and 681551.
103
Calculate the highest common factor of 25785 and 304814799.
5157
What is the highest common divisor of 42992424 and 432?
216
What is the highest common divisor of 169778 and 628728?
134
What is the highest common divisor of 1822925 and 1235?
65
Calculate the highest common factor of 14857 and 1468874.
179
What is the highest common factor of 20515 and 2915?
55
Calculate the greatest common factor of 63240 and 1496.
136
What is the greatest common divisor of 101127429 and 507?
39
Calculate the greatest common factor of 60225667 and 1388.
347
What is the greatest common factor of 36208 and 741680?
1168
Calculate the greatest common factor of 1264228 and 66178.
2282
Calculate the greatest common factor of 89440 and 1449760.
2080
What is the highest common divisor of 480 and 24120480?
480
What is the greatest common factor of 13379 and 21437?
17
Calculate the highest common factor of 18967409 and 1328.
83
What is the greatest common factor of 354093 and 4998?
51
What is the highest common factor of 29953 and 262801?
77
What is the greatest common factor of 1617384 and 976?
8
What is the highest common divisor of 21 and 3474895452?
21
Calculate the greatest common divisor of 2098440 and 661290.
2010
Calculate the highest common factor of 1458 and 1246428.
162
Calculate the highest common factor of 6891 and 302746897.
2297
Calculate the greatest common divisor of 33844580 and 770.
770
Calculate the greatest common divisor of 90 and 633410.
10
Calculate the highest common divisor of 52723968 and 3.
3
What is the highest common factor of 185566438 and 24224?
1514
What is the greatest common factor of 8281 and 8394737?
169
Calculate the highest common divisor of 20904460 and 140.
20
Calculate the greatest common factor of 259 and 65461399.
37
What is the greatest common factor of 143443800 and 3200?
200
What is the greatest common divisor of 295886 and 870134?
674
Calculate the greatest common factor of 36 and 187778.
2
What is the greatest common factor of 5081854 and 38?
38
What is the highest common divisor of 15401430 and 313302?
3102
What is the greatest common factor of 13115 and 6380555?
215
What is the highest common divisor of 12997 and 1126967?
41
Calculate the highest common factor of 1627593 and 2451.
129
What is the highest common factor of 8446543 and 11109?
3703
What is the highest common divisor of 1267875 and 5355?
315
What is the highest common factor of 64045612 and 8?
4
What is the highest common factor of 4445890 and 10?
10
Calculate the highest common divisor of 732 and 19533359.
61
Calculate the highest common divisor of 5971446 and 35938.
302
What is the highest common factor of 13819248 and 4617?
81
Calculate the greatest common factor of 204 and 4377.
3
What is the highest common factor of 144 and 37694124?
36
What is the greatest common divisor of 4727330 and 2725?
545
Calculate the greatest common factor of 1865387 and 62.
1
What is the greatest common divisor of 931232 and 2336?
32
Calculate the greatest common factor of 8541 and 133451227.
949
Calculate the highest common divisor of 837 and 312713058.
93
Calculate the greatest common factor of 19170 and 15359004.
3834
What is the highest common divisor of 1978 and 100420093?
989
What is the greatest common factor of 5455248 and 66468?
348
What is the greatest common divisor of 1901982 and 14128?
1766
Calculate the highest common factor of 53735242 and 22.
22
Calculate the highest common factor of 555646 and 4368.
182
Calculate the greatest common divisor of 651137 and 45327.
29
Calculate the highest common factor of 109 and 998565241.
109
Calculate the highest common factor of 7976037 and 951.
951
Calculate the highest common divisor of 169514 and 2035462.
1294
Calculate the highest common factor of 4141935 and 175203.
1701
What is the greatest common factor of 297223 and 12751941?
3581
What is the greatest common divisor of 110445738 and 2808?
78
What is the highest common divisor of 156833041 and 1513?
1513
Calculate the highest common divisor of 157475 and 2300.
25
Calculate the greatest common factor of 1446875 and 710705.
2315
Calculate the highest common factor of 7245707 and 14.
7
What is the greatest common divisor of 272331904 and 39?
13
What is the highest common divisor of 165261 and 81933?
93
Calculate the highest common factor of 3648370 and 1190.
170
What is the highest common divisor of 9126 and 745254?
54
What is the highest common divisor of 28 and 6251728?
28
Calculate the highest common divisor of 2027 and 70849731.
2027
What is the greatest common factor of 518015 and 338979?
313
What is the highest common factor of 8392904 and 26?
26
What is the highest common divisor of 3426 and 69419325?
1713
What is the greatest common factor of 3 a